b) = -7*b**3 - 110*b**2 + 36*b + 67. Determine o(-16).
3
Let s(w) = -1231*w + 43057. Calculate s(35).
-28
Let m(t) = -359*t + 40573. Calculate m(113).
6
Let y(w) = 23*w**2 - 273*w + 214. Determine y(11).
-6
Let j(i) = -67*i + 1227. What is j(31)?
-850
Let c(f) = -f**2 - 71*f + 2390. Give c(25).
-10
Let g(s) = -148*s - 694. Give g(-5).
46
Let y(o) = o**3 + 68*o**2 - 211*o + 106. Determine y(-71).
-36
Let d(w) = 2*w**2 + 24*w + 70. What is d(-8)?
6
Let z(d) = -38*d**2 + 150*d + 449. Calculate z(-3).
-343
Let p(o) = -3*o**2 - 47*o - 161. Determine p(-5).
-1
Let a(d) = 2*d**3 - 165*d**2 - 95*d + 444. What is a(83)?
-552
Let d(a) = -1927*a + 61665. Give d(32).
1
Let s(j) = -380*j**2 + 2292*j - 63. Calculate s(6).
9
Let b(w) = -w**3 + 4*w**2 + 4*w + 31. Calculate b(6).
-17
Let p(x) = 792*x - 9444. Determine p(12).
60
Let g(x) = 25*x**2 - 32*x + 33. Give g(1).
26
Let w(n) = -n**3 + 62*n**2 + 189*n + 381. Calculate w(65).
-9
Let w(k) = -2*k**3 - 5*k**2 - k - 1. Calculate w(-2).
-3
Let v(z) = z**3 + 16*z**2 - 12*z - 560. What is v(-14)?
0
Let w(b) = -2*b**2 + 631*b + 630. Give w(-1).
-3
Let q(a) = -166*a + 273. What is q(1)?
107
Let z(i) = -20*i**2 - 19*i - 34. Calculate z(-4).
-278
Let o(j) = j**2 + 17*j - 95. Give o(4).
-11
Let k(y) = -y**3 + 98*y**2 + 94*y + 488. What is k(99)?
-7
Let g(r) = -r**2 - 13*r + 80. Determine g(-36).
-748
Let b(z) = 3*z**3 + 573*z**2 - z - 159. Give b(-191).
32
Let b(z) = -z**2 - 1578*z - 20350. Give b(-13).
-5
Let s(v) = 3*v**3 - 2*v**2 + 22*v + 97. Determine s(-4).
-215
Let x(w) = -5*w + 61. Give x(-1).
66
Let h(m) = -m**2 - 28*m + 93. Calculate h(-31).
0
Let c(b) = -12*b**2 - 59*b + 11. What is c(-5)?
6
Let t(n) = 7*n**2 - 29*n - 135. Calculate t(-9).
693
Let p(f) = -3*f**2 - 30*f - 25. Calculate p(-8).
23
Let l(m) = m**3 + 13*m**2 - 6*m - 12. Calculate l(-13).
66
Let i(p) = -15*p**2 + 15. What is i(3)?
-120
Let m(h) = 2*h**3 + 20*h**2 + 19*h + 154. What is m(-10)?
-36
Let w(m) = 2*m**2 - 24*m + 17. Give w(14).
73
Let z(o) = -o**3 + 2*o**2 + 51. Give z(5).
-24
Let x(o) = -240*o + 1426. What is x(6)?
-14
Let g(n) = -n**2 - 9*n + 40. Calculate g(-15).
-50
Let c(p) = -p**3 + 42*p**2 - 40*p + 3. Determine c(41).
44
Let w(a) = -2*a**3 + 52*a - 6. Determine w(5).
4
Let b(a) = 39*a + 321. Determine b(-8).
9
Let t(s) = -16*s + 139. Give t(6).
43
Let t(h) = -296*h**2 - 2965*h - 24. What is t(-10)?
26
Let o(s) = s**3 + 56*s**2 + 106*s + 2846. Give o(-55).
41
Let q(i) = i**2 + 1288*i + 2574. Give q(-2).
2
Let g(q) = 13*q - 981. Calculate g(38).
-487
Let k(x) = x**3 + 57*x**2 - 18*x + 2321. Give k(-58).
1
Let j(n) = -40*n**2 - 273*n + 82. What is j(-7)?
33
Let a(d) = 2*d**3 + 28*d**2 + 22*d - 50. Calculate a(-13).
2
Let f(z) = 586*z - 585. Calculate f(1).
1
Let j(f) = -9*f + 25. Give j(-27).
268
Let w(p) = -p**3 - 59*p**2 - 256*p - 1981. What is w(-55)?
-1
Let s(r) = -r**3 + 59*r**2 + 924*r + 876. Give s(72).
12
Let i(k) = -370*k - 11487. What is i(-31)?
-17
Let t(k) = -71*k + 1638. Determine t(23).
5
Let k(p) = -40*p - 172. Give k(-4).
-12
Let h(c) = 70*c + 7. Determine h(-1).
-63
Let q(h) = 5*h**2 + 30*h - 100. Calculate q(3).
35
Let l(f) = -16*f - 118. Calculate l(-12).
74
Let u(n) = -n**3 + 6*n**2 - 9*n + 32. Give u(5).
12
Let m(b) = -2*b**3 - 877*b**2 - 16340*b + 417. Calculate m(-419).
-2
Let g(v) = -58*v - 5349. Calculate g(-92).
-13
Let i(g) = 4*g**2 - 21*g - 226. Give i(11).
27
Let h(g) = -29*g - 297. What is h(-12)?
51
Let g(a) = a**2 - 107*a + 2790. Give g(62).
0
Let r(c) = c**3 + 11*c**2 + 9*c - 31. What is r(-2)?
-13
Let q(t) = 6*t**2 + 88*t + 131. Determine q(-13).
1
Let n(a) = -10*a**3 - 4*a**2 + 12*a - 11. Determine n(2).
-83
Let m(d) = 2*d**3 - 38*d**2 + 86*d - 893. Give m(18).
7
Let m(q) = 7*q**2 - 60*q + 115. Determine m(2).
23
Let g(i) = -4*i + 66. Determine g(18).
-6
Let t(j) = 2*j**2 + 94*j + 176. Give t(-46).
84
Let a(r) = 3*r**2 + 292*r + 7057. Give a(-45).
-8
Let n(b) = 49*b + 88. Calculate n(-1).
39
Let x(u) = 25*u**3 + 175*u**2 - 11*u - 66. Calculate x(-7).
11
Let g(v) = -287*v + 587. Determine g(2).
13
Let j(o) = -o**2 - 3*o + 43. Give j(6).
-11
Let a(i) = 5*i**3 + 545*i**2 + 19*i + 2097. Calculate a(-109).
26
Let c(b) = -130*b**2 + 4161*b - 20. Determine c(32).
12
Let y(k) = 87*k - 2415. Give y(27).
-66
Let u(w) = 2*w**3 + 52*w**2 - 88*w - 3449. Give u(-25).
1
Let t(d) = -14*d**3 - 108*d**2 - 69*d + 45. Determine t(-7).
38
Let c(x) = -11054*x - 198974. What is c(-18)?
-2
Let g(z) = 3*z**2 + 60*z + 148. Determine g(-3).
-5
Let g(i) = 1306*i + 7851. What is g(-6)?
15
Let b(x) = -432*x - 1882. What is b(-4)?
-154
Let c(p) = -2*p - 1. What is c(7)?
-15
Let k(s) = -3*s**3 + 14*s**2 + 10*s - 24. Determine k(5).
1
Let w(r) = -r**2 - 167*r + 1398. Give w(8).
-2
Let n(d) = 3*d**3 - 9*d**2 - 27*d + 56. Determine n(2).
-10
Let p(h) = -23*h**2 + 214*h - 57. Give p(9).
6
Let g(i) = i**3 - 8*i**2 - 54*i - 14. Determine g(12).
-86
Let p(r) = -5*r**2 + 57*r + 58. Calculate p(18).
-536
Let n(b) = -2*b**3 + 14*b**2 - 28*b + 33. Determine n(5).
-7
Let x(w) = 6*w**2 - 246*w + 688. Calculate x(3).
4
Let z(v) = -v**3 + 17*v**2 + 4*v - 66. Calculate z(17).
2
Let f(k) = k**3 + 9*k**2 + 277*k + 1293. Determine f(-5).
8
Let y(c) = 7*c**3 + 279*c**2 - 1618*c + 91. Give y(-45).
1
Let x(h) = 301*h - 64. Give x(0).
-64
Let f(q) = -q**2 + 18*q - 42. Give f(18).
-42
Let p(f) = 88*f**3 - 4*f**2 - 6*f - 1. Give p(-1).
-87
Let h(a) = a**3 - 14*a**2 - 9*a + 142. Give h(14).
16
Let t(b) = -b**3 + 29*b**2 + 59*b + 99. Determine t(31).
6
Let w(c) = c**2 + 39*c - 11. Give w(-39).
-11
Let a(j) = -j**3 + 26*j**2 - 2*j + 35. Determine a(26).
-17
Let b(w) = -136*w + 2264. Determine b(16).
88
Let q(j) = -127*j - 220. What is q(-2)?
34
Let a(l) = 2*l**2 + 6*l - 190. What is a(-14)?
118
Let t(c) = c**3 + 46*c**2 - 211*c - 531. Give t(-50).
19
Let f(u) = -508*u + 47753. Determine f(94).
1
Let y(h) = 12*h + 25. Calculate y(12).
169
Let g(t) = 5*t**3 - 73*t**2 + 47*t + 45. Give g(14).
115
Let y(g) = g**3 - 17*g**2 - 3*g - 33. Calculate y(17).
-84
Let w(p) = -p**2 + 6*p + 254. Determine w(19).
7
Let d(z) = -2*z**2 + 45*z + 4. Give d(17).
191
Let y(c) = -3*c**2 + 108*c - 698. Determine y(27).
31
Let c(v) = -763*v - 3048. Calculate c(-4).
4
Let q(c) = -901*c - 14480. What is q(-16)?
-64
Let t(o) = -4*o**2 - 52*o + 33. What is t(-12)?
81
Let s(r) = -r**2 + 117*r - 370. Calculate s(112).
190
Let r(y) = -y**3 + 2*y**2 - 3*y + 58. Calculate r(0).
58
Let t(p) = 273*p - 40675. Calculate t(149).
2
Let g(b) = b**3 + 91*b**2 - 469*b + 1039. Give g(-96).
-17
Let r(z) = -59*z - 17. Calculate r(-2).
101
Let s(k) = 103*k - 5815. Calculate s(56).
-47
Let b(j) = 555*j + 31634. Give b(-57).
-1
Let q(n) = 51*n**2 + 12*n - 9. Give q(-1).
30
Let z(w) = -w**2 - 89*w + 567. Calculate z(6).
-3
Let i(q) = -2*q**2 - 16*q + 171. Determine i(6).
3
Let v(x) = x**3 + 50*x**2 + 364*x + 580. Calculate v(-6).
-20
Let k(v) = 3*v**2 - 6*v - 20. What is k(4)?
4
Let g(r) = -34*r**2 - 3603*r + 111. Give g(-106).
5
Let i(a) = 107*a + 1603. Give i(-15).
-2
Let f(m) = m**2 + 148*m + 1885. Calculate f(-14).
9
Let k(x) = 4*x + 1236. What is k(-80)?
916
Let f(o) = 10*o - 536. Determine f(55).
14
Let v(l) = 332*l - 13989. Calculate v(42).
-45
Let f(d) = -4*d**2 + 5*d + 25. Determine f(7).
-136
Let j(o) = 3*o**2 - 118*o + 331. Determine j(3).
4
Let s(q) = -3018*q - 208246. Give s(-69).
-4
Let f(m) = -447*m + 201. Give f(-2).
1095
Let i(w) = -66*w + 973. What is i(15)?
-17
Let l(p) = -2*p**2 - 407*p - 6500. Calculate l(-186).
10
Let h(z) = 97*z - 1640. Give h(22).
494
Let u(g) = -g**3 - 102*g**2 + 1498*g + 351. Calculate u(-115).
6
Let o(f) = -19*f**2 + 1030*f + 819. Calculate o(55).
-6
Let q(x) = x**3 - 11*x**2 + 36*x - 36. What is q(11)?
360
Let k(y) = 12*y - 166. What is k(14)?
2
Let d(n) = -47*n + 32. Calculate d(8).
-344
Let l(x) = -52*x + 880. Give l(17).
-4
Let z(g) = -594*g + 10117. Calculate z(17).
19
Let f(o) = 567*o**3 - o**2 + 21*o + 22. What is f(-1)?
-567
Let i(z) = -z**3 - 43*z**2 + 6*z + 243. What is i(-43)?
-15
Let z(m) = -m**3 - 39*m**2 + 111*m - 624. Calculate z(-42).
6
Let a(p) = -50*p**2 + 15*p + 9. Calculate a(0).
9
Let m(p) = p**3 - 3*p**2 + 2*p + 5. Give m(5).
65
Let a(r) = -3384*r - 43987. Determine a(-13).
5
Let s(b) = -79*b + 41. Give s(-2).
199
Let s(b) = -b**2 + 9*